{"id":185,"date":"2024-03-21T16:52:22","date_gmt":"2024-03-21T15:52:22","guid":{"rendered":"http:\/\/77.244.9.134\/wordpress\/?page_id=185"},"modified":"2025-06-11T16:17:02","modified_gmt":"2025-06-11T14:17:02","slug":"icotera","status":"publish","type":"page","link":"https:\/\/lyssna-njut.se\/?page_id=185","title":{"rendered":"Icotera"},"content":{"rendered":"\n<div class=\"wp-block-group alignfull has-base-background-color has-background has-global-padding is-layout-constrained wp-container-core-group-is-layout-77254556 wp-block-group-is-layout-constrained\" style=\"margin-top:0;margin-bottom:0;padding-top:var(--wp--preset--spacing--40);padding-right:var(--wp--preset--spacing--50);padding-bottom:var(--wp--preset--spacing--40);padding-left:var(--wp--preset--spacing--50)\">\n<div class=\"wp-block-columns alignwide is-layout-flex wp-container-core-columns-is-layout-44340645 wp-block-columns-is-layout-flex\" style=\"padding-right:var(--wp--preset--spacing--40);padding-left:var(--wp--preset--spacing--40)\">\n<div class=\"wp-block-column is-vertically-aligned-stretch is-layout-flow wp-block-column-is-layout-flow\" style=\"flex-basis:50%\">\n<div class=\"wp-block-group is-vertical is-content-justification-stretch is-layout-flex wp-container-core-group-is-layout-444d5ee8 wp-block-group-is-layout-flex\" style=\"min-height:100%\">\n<p class=\"has-text-color has-link-color has-system-sans-serif-font-family has-x-large-font-size wp-elements-dbe514cf0454c1c879210a78ca0c52fe\" style=\"color:#122567;font-style:normal;font-weight:600;line-height:1.2\">ICOTERA <\/p>\n\n\n\n<p class=\"has-text-color has-link-color has-system-sans-serif-font-family has-large-font-size wp-elements-8e67895222eeb58a298722affbede5bc\" style=\"color:#122567;font-style:normal;font-weight:600;line-height:1.2\">Fiberkonverterare<\/p>\n\n\n\n<p class=\"has-text-color has-link-color wp-elements-6f4a206c42d083d50f130773516f2141\" style=\"color:#122567\">Uttagen p\u00e5 l\u00e5ngsidan av fiberkonverteraren. <br>Ibland sitter fiberkonverteraren i ett mediask\u00e5p. <\/p>\n\n\n\n<div style=\"height:161px\" aria-hidden=\"true\" class=\"wp-block-spacer wp-container-content-1f186ca8\"><\/div>\n<\/div>\n<\/div>\n\n\n\n<div class=\"wp-block-column is-vertically-aligned-center is-layout-flow wp-block-column-is-layout-flow\" style=\"flex-basis:50%\">\n<figure class=\"wp-block-image size-large\"><img loading=\"lazy\" decoding=\"async\" width=\"1024\" height=\"503\" src=\"https:\/\/lyssna-njut.se\/wp-content\/uploads\/2024\/04\/Icotera-1024x503.png\" alt=\"\" class=\"wp-image-315\" srcset=\"https:\/\/lyssna-njut.se\/wp-content\/uploads\/2024\/04\/Icotera-1024x503.png 1024w, https:\/\/lyssna-njut.se\/wp-content\/uploads\/2024\/04\/Icotera-300x147.png 300w, https:\/\/lyssna-njut.se\/wp-content\/uploads\/2024\/04\/Icotera-768x377.png 768w, https:\/\/lyssna-njut.se\/wp-content\/uploads\/2024\/04\/Icotera.png 1067w\" sizes=\"auto, (max-width: 1024px) 100vw, 1024px\" \/><\/figure>\n<\/div>\n<\/div>\n<\/div>\n\n\n\n<div class=\"wp-block-group alignfull has-background has-global-padding is-layout-constrained wp-container-core-group-is-layout-3f3d63a5 wp-block-group-is-layout-constrained\" style=\"background:linear-gradient(135deg,rgb(137,212,255) 0%,rgb(144,108,244) 97%);margin-top:0;margin-bottom:0;padding-top:var(--wp--preset--spacing--30);padding-right:var(--wp--preset--spacing--40);padding-bottom:var(--wp--preset--spacing--30);padding-left:var(--wp--preset--spacing--40)\">\n<div class=\"wp-block-columns alignwide is-layout-flex wp-container-core-columns-is-layout-2b705c59 wp-block-columns-is-layout-flex\" style=\"padding-right:var(--wp--preset--spacing--30);padding-left:var(--wp--preset--spacing--30)\">\n<div class=\"wp-block-column is-vertically-aligned-center is-layout-flow wp-block-column-is-layout-flow\" style=\"flex-basis:100%\">\n<div class=\"wp-block-group alignwide has-contrast-color has-text-color has-link-color wp-elements-ad6d9020a359d21682d836ea3adff8e2 has-global-padding is-layout-constrained wp-container-core-group-is-layout-d6f65a1b wp-block-group-is-layout-constrained\" style=\"margin-top:0;margin-bottom:0;padding-top:var(--wp--preset--spacing--30);padding-right:var(--wp--preset--spacing--30);padding-bottom:var(--wp--preset--spacing--30);padding-left:var(--wp--preset--spacing--30)\">\n<h2 class=\"wp-block-heading alignwide has-text-color has-link-color has-system-sans-serif-font-family wp-elements-a268cb4040ab54be01fe6a226f428c87\" style=\"color:#122567;font-size:clamp(1.551rem, 1.551rem + ((1vw - 0.2rem) * 1.748), 2.6rem);font-style:normal;font-weight:600;letter-spacing:-0.02em\">ENKEL FELS\u00d6KNING<\/h2>\n\n\n\n<div class=\"wp-block-group alignwide is-layout-flow wp-block-group-is-layout-flow\">\n<hr class=\"wp-block-separator has-text-color has-alpha-channel-opacity has-background is-style-wide\" style=\"background-color:#122567;color:#122567\"\/>\n\n\n\n<details class=\"wp-block-details is-style-arrow-icon-details has-text-color has-link-color has-medium-font-size wp-elements-47978fe76551f2f234b254f678fa96e2 is-layout-flow wp-block-details-is-layout-flow\" style=\"border-top-style:none;border-top-width:0px;border-right-style:none;border-right-width:0px;border-bottom-color:#122567;border-bottom-style:solid;border-bottom-width:1px;border-left-style:none;border-left-width:0px;color:#122567;margin-top:0\"><summary>TV-lampan p\u00e5 min fiberkonverterare blinkar gr\u00f6nt\/r\u00f6tt<\/summary>\n<p class=\"has-contrast-1-color has-text-color has-link-color wp-elements-39d49c794356d6ea5231f614d984a633\">Dra ur str\u00f6mmen till fiberkonverteraren, l\u00e5t den vara ur i 30sek innan den startas igen. Det kan ta n\u00e5gra minuter f\u00f6r fiberkonverteraren att starta upp igen. <\/p>\n<\/details>\n\n\n\n<details class=\"wp-block-details is-style-arrow-icon-details has-text-color has-link-color has-medium-font-size wp-elements-530fda8bf774aa62159688cb271ee4ca is-layout-flow wp-block-details-is-layout-flow\" style=\"border-top-style:none;border-top-width:0px;border-right-style:none;border-right-width:0px;border-bottom-color:#122567;border-bottom-style:solid;border-bottom-width:1px;border-left-style:none;border-left-width:0px;color:#122567;margin-top:0\"><summary>WAN-lampan p\u00e5 min fiberkonverterare lyser inte<\/summary>\n<p class=\"has-contrast-1-color has-text-color has-link-color wp-elements-36a12ea352c3b370ead86ec9f6ad66f3\">WAN-lampan ska inte lysa p\u00e5 denna sortens fiberkonverterare. Har du bara internet-abonnemang ska endast GPON-lampan lysa. <\/p>\n<\/details>\n\n\n\n<details class=\"wp-block-details is-style-arrow-icon-details has-text-color has-link-color has-medium-font-size wp-elements-0017177b8588e7f7cc9472da751484e7 is-layout-flow wp-block-details-is-layout-flow\" style=\"border-top-style:none;border-top-width:0px;border-right-style:none;border-right-width:0px;border-bottom-color:#122567;border-bottom-style:solid;border-bottom-width:1px;border-left-style:none;border-left-width:0px;color:#122567;margin-top:0\"><summary>TV-lampan p\u00e5 min fiberkonverterare lyser inte<\/summary>\n<p class=\"has-contrast-1-color has-text-color has-link-color wp-elements-2fa8835282aeba4def767eb205c96cf4\">Detta kan bero p\u00e5 att det inte finns n\u00e5got TV-abonnemang p\u00e5 adressen, eller att TV-abonnemanget \u00e4nnu inte aktiverats. <br>Har TV-lampan lyst gr\u00f6nt tidigare men pl\u00f6tsligt slocknat, prova att starta om fiberkonverteraren.<\/p>\n<\/details>\n\n\n\n<details class=\"wp-block-details is-style-arrow-icon-details has-text-color has-link-color has-medium-font-size wp-elements-b490b4308adab937d685dfa0d172b3e4 is-layout-flow wp-block-details-is-layout-flow\" style=\"border-top-style:none;border-top-width:0px;border-right-style:none;border-right-width:0px;border-bottom-color:#122567;border-bottom-style:solid;border-bottom-width:1px;border-left-style:none;border-left-width:0px;color:#122567;margin-top:0\"><summary>Inga lampor lyser p\u00e5 min fiberkonverterare<\/summary>\n<p class=\"has-contrast-1-color has-text-color has-link-color wp-elements-2ebb8360b672ea513adfcbad55a236f7\">B\u00f6rja med att kontrollera att fiberkonverteraren har str\u00f6m. Kontrollera att str\u00f6mkabeln sitter i ordentligt b\u00e5de i el-uttaget och i fiberkonverteraren. <br>Det kan \u00e4ven vara bra att kontrollera att det finns str\u00f6m i el-uttaget. Kontrollera om n\u00e5gon r\u00e5kat trycka p\u00e5 av\/p\u00e5-knappen (se var knappen sitter p\u00e5 bilden ovan).<br>Har man kontrollerat allt detta och inte hittar n\u00e5got fel kan man prova att byta str\u00f6mkabel. Kontakta Sappa f\u00f6r att f\u00e5 en ny str\u00f6mkabel till din fiberkonverterare.<\/p>\n<\/details>\n\n\n\n<div style=\"margin-top:var(--wp--preset--spacing--10);margin-bottom:0;height:var(--wp--preset--spacing--10)\" aria-hidden=\"true\" class=\"wp-block-spacer\"><\/div>\n<\/div>\n<\/div>\n<\/div>\n<\/div>\n<\/div>\n\n\n\n<div class=\"wp-block-group alignfull has-base-background-color has-background has-global-padding is-layout-constrained wp-container-core-group-is-layout-81b687e8 wp-block-group-is-layout-constrained\" style=\"margin-top:0;margin-bottom:0;padding-top:var(--wp--preset--spacing--40);padding-right:var(--wp--preset--spacing--50);padding-bottom:var(--wp--preset--spacing--40);padding-left:var(--wp--preset--spacing--50)\">\n<div class=\"wp-block-columns alignwide has-base-background-color has-background is-layout-flex wp-container-core-columns-is-layout-82c776ac wp-block-columns-is-layout-flex\" style=\"padding-right:var(--wp--preset--spacing--40);padding-left:var(--wp--preset--spacing--40)\">\n<div class=\"wp-block-column is-vertically-aligned-center is-layout-flow wp-block-column-is-layout-flow\" style=\"flex-basis:60%\">\n<figure class=\"wp-block-image size-full\"><img loading=\"lazy\" decoding=\"async\" width=\"1006\" height=\"174\" src=\"https:\/\/lyssna-njut.se\/wp-content\/uploads\/2024\/04\/lampor_oversikt.png\" alt=\"\" class=\"wp-image-316\" srcset=\"https:\/\/lyssna-njut.se\/wp-content\/uploads\/2024\/04\/lampor_oversikt.png 1006w, https:\/\/lyssna-njut.se\/wp-content\/uploads\/2024\/04\/lampor_oversikt-300x52.png 300w, https:\/\/lyssna-njut.se\/wp-content\/uploads\/2024\/04\/lampor_oversikt-768x133.png 768w\" sizes=\"auto, (max-width: 1006px) 100vw, 1006px\" \/><\/figure>\n<\/div>\n\n\n\n<div class=\"wp-block-column is-layout-flow wp-block-column-is-layout-flow\" style=\"flex-basis:40%\">\n<h2 class=\"wp-block-heading has-text-color has-link-color has-system-sans-serif-font-family has-x-large-font-size wp-elements-d71dc75159265555bf35d6ea71663881\" style=\"color:#122567;font-style:normal;font-weight:600\">FELS\u00d6K MED LAMPORNA<\/h2>\n\n\n\n<p class=\"has-text-color has-link-color wp-elements-286fbcadc6747f991f422ca35d9eeb71\" style=\"color:#122567\">P\u00e5 din fiberkonverterare finns ett antal lampor. <br>Har du b\u00e5de internet- och TV-abonnemang ska GPON-lampan och CATV-lampan lysa gr\u00f6nt. <br><br>Har du endast internet-abonnemang och inte bor i en f\u00f6rening som har avtal f\u00f6r TV-kanaler ska endast GPON-lampan lysa gr\u00f6nt.<br><strong>WAN-lampan ska inte lysa p\u00e5 denna modell av fiberkonverterare.<\/strong><\/p>\n\n\n\n<p>G\u00f6r aldrig en \u00e5terst\u00e4llning av fiberkonverteraren sj\u00e4lv. <\/p>\n<\/div>\n<\/div>\n\n\n\n<div style=\"height:51px\" aria-hidden=\"true\" class=\"wp-block-spacer\"><\/div>\n\n\n\n<div class=\"wp-block-columns alignwide is-layout-flex wp-container-core-columns-is-layout-82c776ac wp-block-columns-is-layout-flex\" style=\"padding-right:var(--wp--preset--spacing--40);padding-left:var(--wp--preset--spacing--40)\">\n<div class=\"wp-block-column is-layout-flow wp-block-column-is-layout-flow\" style=\"flex-basis:40%\">\n<p class=\"has-text-color has-link-color wp-elements-c0ade57eb1aeb8655e05773e850d0508\" style=\"color:#122567\">Lamporna p\u00e5 din fiberkonverterare kan vara ett bra st\u00e4lle att b\u00f6rja fels\u00f6ka. <br>Har du problem med internet\/TV &#8211; b\u00f6rja med att kontrollera om lamporna lyser som de ska. <\/p>\n<\/div>\n\n\n\n<div class=\"wp-block-column is-vertically-aligned-center is-layout-flow wp-block-column-is-layout-flow\" style=\"flex-basis:60%\">\n<figure class=\"wp-block-image size-full\"><img loading=\"lazy\" decoding=\"async\" width=\"1012\" height=\"472\" src=\"https:\/\/lyssna-njut.se\/wp-content\/uploads\/2024\/04\/Icotera-03.png\" alt=\"\" class=\"wp-image-327\" srcset=\"https:\/\/lyssna-njut.se\/wp-content\/uploads\/2024\/04\/Icotera-03.png 1012w, https:\/\/lyssna-njut.se\/wp-content\/uploads\/2024\/04\/Icotera-03-300x140.png 300w, https:\/\/lyssna-njut.se\/wp-content\/uploads\/2024\/04\/Icotera-03-768x358.png 768w\" sizes=\"auto, (max-width: 1012px) 100vw, 1012px\" \/><\/figure>\n<\/div>\n<\/div>\n<\/div>\n","protected":false},"excerpt":{"rendered":"<p>ICOTERA Fiberkonverterare Uttagen p\u00e5 l\u00e5ngsidan av fiberkonverteraren. Ibland sitter fiberkonverteraren i ett mediask\u00e5p. ENKEL FELS\u00d6KNING FELS\u00d6K MED LAMPORNA P\u00e5 din fiberkonverterare finns ett antal lampor. Har du b\u00e5de internet- och TV-abonnemang ska GPON-lampan och CATV-lampan lysa gr\u00f6nt. Har du endast internet-abonnemang och inte bor i en f\u00f6rening som har avtal f\u00f6r TV-kanaler ska endast GPON-lampan [&hellip;]<\/p>\n","protected":false},"author":4,"featured_media":0,"parent":0,"menu_order":0,"comment_status":"closed","ping_status":"closed","template":"","meta":{"footnotes":""},"class_list":["post-185","page","type-page","status-publish","hentry"],"_links":{"self":[{"href":"https:\/\/lyssna-njut.se\/index.php?rest_route=\/wp\/v2\/pages\/185","targetHints":{"allow":["GET"]}}],"collection":[{"href":"https:\/\/lyssna-njut.se\/index.php?rest_route=\/wp\/v2\/pages"}],"about":[{"href":"https:\/\/lyssna-njut.se\/index.php?rest_route=\/wp\/v2\/types\/page"}],"author":[{"embeddable":true,"href":"https:\/\/lyssna-njut.se\/index.php?rest_route=\/wp\/v2\/users\/4"}],"replies":[{"embeddable":true,"href":"https:\/\/lyssna-njut.se\/index.php?rest_route=%2Fwp%2Fv2%2Fcomments&post=185"}],"version-history":[{"count":34,"href":"https:\/\/lyssna-njut.se\/index.php?rest_route=\/wp\/v2\/pages\/185\/revisions"}],"predecessor-version":[{"id":1088,"href":"https:\/\/lyssna-njut.se\/index.php?rest_route=\/wp\/v2\/pages\/185\/revisions\/1088"}],"wp:attachment":[{"href":"https:\/\/lyssna-njut.se\/index.php?rest_route=%2Fwp%2Fv2%2Fmedia&parent=185"}],"curies":[{"name":"wp","href":"https:\/\/api.w.org\/{rel}","templated":true}]}}